{"id":2,"date":"2019-05-24T09:58:57","date_gmt":"2019-05-24T07:58:57","guid":{"rendered":"http:\/\/spolky.csvts.cz\/czs\/?page_id=2"},"modified":"2023-05-15T09:33:19","modified_gmt":"2023-05-15T07:33:19","slug":"uvod","status":"publish","type":"page","link":"http:\/\/www.spolky-csvts.cz\/czs\/","title":{"rendered":"\u00davod"},"content":{"rendered":"\n<h3 class=\"wp-block-heading\" id=\"co-je-czs-z-s\">Co je \u010cZS z.s.?<\/h3>\n\n\n\n<p>\u010cZS z.s. je pr\u00e1vn\u011b a ekonomicky samostatn\u00e1 odborn\u00e1 zem\u011bd\u011blsk\u00e1 organizace, kter\u00e1 vznikla v r.1968. Je zakl\u00e1daj\u00edc\u00edm \u010dlenem \u010cSVTS z.s.<\/p>\n\n\n\n<h3 class=\"wp-block-heading\" id=\"jake-je-poslani-czs-z-s\">Jak\u00e9 je posl\u00e1n\u00ed \u010cZS z.s.?<\/h3>\n\n\n\n<p>Hlavn\u00edm \u00fakolem je prosazovat v\u011bdeckotechnick\u00fd rozvoj ve v\u0161ech oblastech zem\u011bd\u011blstv\u00ed \u010cesk\u00e9 republiky.<\/p>\n\n\n\n<h3 class=\"wp-block-heading\" id=\"co-nabizi-czs-z-s\">Co nab\u00edz\u00ed \u010cZS z.s.?<\/h3>\n\n\n\n<p>\u010cZS z.s. zprost\u0159edkov\u00e1v\u00e1 nejnov\u011bj\u0161\u00ed informace, praktick\u00e9 i teoretick\u00e9 poznatky a zku\u0161enosti.<\/p>\n\n\n\n<h3 class=\"wp-block-heading\" id=\"kdo-tvori-clenskou-zakladnu-czs-z-s\"><strong><br><\/strong>Kdo tvo\u0159\u00ed \u010dlenskou z\u00e1kladnu \u010cZS z.s.?<\/h3>\n\n\n\n<p>Jedn\u00e1 se zhruba o 500 odborn\u00edk\u016f z v\u00fdrobn\u00edch zem\u011bd\u011blsk\u00fdch podnik\u016f, zem\u011bd\u011blsk\u00fdch slu\u017eeb, specialist\u016f, v\u011bdeck\u00fdch pracovn\u00edk\u016f apod., sdru\u017een\u00fdch v z\u00e1kladn\u00edch organizac\u00edch-pobo\u010dk\u00e1ch spole\u010dnosti.<\/p>\n\n\n\n<h3 class=\"wp-block-heading\" id=\"v-cem-spociva-prace-czs-z-s\"><strong>V<\/strong> \u010dem spo\u010d\u00edv\u00e1 pr\u00e1ce \u010cZS z.s.?<\/h3>\n\n\n\n<p>\u010cZS organizuje besedy, p\u0159edn\u00e1\u0161ky, instrukt\u00e1\u017ee, mezin\u00e1rodn\u00ed konference a jin\u00e9 akce. Ve spolupr\u00e1ci se zahrani\u010dn\u00edmi partnery, p\u0159edev\u0161\u00edm ze sousedn\u00edch zem\u00ed, organizuje v\u00fdm\u011bnu zku\u0161enost\u00ed p\u0159i pracovn\u00edch cest\u00e1ch \u010desk\u00fdch zem\u011bd\u011blsk\u00fdch odborn\u00edk\u016f. \u010cZS z.s. spolupracuje s nevl\u00e1dn\u00ed organizac\u00ed C.l.G.R. (lnternational Commission of Agricultural Engineering). D\u00e1le spolupracuje s&nbsp;\u010ceskomoravskou komorou pro pozemkov\u00e9 \u00fapravy a \u010ceskoslovenskou spole\u010dnost\u00ed pro modern\u00ed zem\u011bd\u011blstv\u00ed. Je \u010dlenskou organizac\u00ed Agr\u00e1rn\u00ed komory \u010cesk\u00e9 republiky. \u010cZS z.s. p\u016fsob\u00ed v r\u00e1mci \u010cesk\u00e9ho svazu v\u011bdeckotechnick\u00fdch spole\u010dnost\u00ed z.s., \u010d\u00edm\u017e odborn\u011b spolupracuje i s dal\u0161\u00edmi odborn\u00fdmi spole\u010dnostmi sdru\u017een\u00fdmi v&nbsp;\u010cSVTS z.s., nap\u0159. s \u010ceskou spole\u010dnost\u00ed rostlinol\u00e9ka\u0159skou z.s.<\/p>\n\n\n\n<h3 class=\"wp-block-heading\" id=\"jak-je-organizovana-odborna-cinnost-v-czs-z-s\"><strong><br><\/strong>Jak je organizovan\u00e1 odborn\u00e1 \u010dinnost v&nbsp;\u010cZS z.s.?<\/h3>\n\n\n\n<p>Jedn\u00e1 se o republikovou odbornou p\u016fsobnost s propojen\u00edm a spoluprac\u00ed s Domy techniky v jednotliv\u00fdch kraj\u00edch. V \u010cZS z.s. pracuje nap\u0159. Celost\u00e1tn\u00ed odborn\u00e1 skupina pozemkov\u00fdch \u00faprav a ochrany biosf\u00e9ry.<\/p>\n\n\n\n<figure class=\"wp-block-image size-large\"><a href=\"https:\/\/www.wec2023.com\" target=\"_blank\" rel=\"noreferrer noopener\"><img decoding=\"async\" src=\"https:\/\/www.csvts.cz\/images\/2022\/WEC-2023-banner.jpg\" alt=\"\"\/><\/a><\/figure>\n","protected":false},"excerpt":{"rendered":"<p>Co je \u010cZS z.s.? \u010cZS z.s. je pr\u00e1vn\u011b a ekonomicky samostatn\u00e1 odborn\u00e1 zem\u011bd\u011blsk\u00e1 organizace, kter\u00e1 [&hellip;]<\/p>\n","protected":false},"author":1,"featured_media":0,"parent":0,"menu_order":0,"comment_status":"closed","ping_status":"closed","template":"","meta":{"footnotes":""},"class_list":["post-2","page","type-page","status-publish","hentry"],"_links":{"self":[{"href":"http:\/\/www.spolky-csvts.cz\/czs\/wp-json\/wp\/v2\/pages\/2","targetHints":{"allow":["GET"]}}],"collection":[{"href":"http:\/\/www.spolky-csvts.cz\/czs\/wp-json\/wp\/v2\/pages"}],"about":[{"href":"http:\/\/www.spolky-csvts.cz\/czs\/wp-json\/wp\/v2\/types\/page"}],"author":[{"embeddable":true,"href":"http:\/\/www.spolky-csvts.cz\/czs\/wp-json\/wp\/v2\/users\/1"}],"replies":[{"embeddable":true,"href":"http:\/\/www.spolky-csvts.cz\/czs\/wp-json\/wp\/v2\/comments?post=2"}],"version-history":[{"count":21,"href":"http:\/\/www.spolky-csvts.cz\/czs\/wp-json\/wp\/v2\/pages\/2\/revisions"}],"predecessor-version":[{"id":146,"href":"http:\/\/www.spolky-csvts.cz\/czs\/wp-json\/wp\/v2\/pages\/2\/revisions\/146"}],"wp:attachment":[{"href":"http:\/\/www.spolky-csvts.cz\/czs\/wp-json\/wp\/v2\/media?parent=2"}],"curies":[{"name":"wp","href":"https:\/\/api.w.org\/{rel}","templated":true}]}}