{"id":1108,"date":"2019-03-01T14:31:38","date_gmt":"2019-03-01T13:31:38","guid":{"rendered":"http:\/\/spolky.csvts.cz\/cspzp\/?page_id=1108"},"modified":"2019-12-15T03:18:54","modified_gmt":"2019-12-15T02:18:54","slug":"akce-2019","status":"publish","type":"page","link":"http:\/\/www.spolky-csvts.cz\/spolekzp\/akce-2019\/","title":{"rendered":"Akce 2019"},"content":{"rendered":"<h5><strong>\u010cesk\u00fd spolek pro p\u00e9\u010di o \u017eivotn\u00ed prost\u0159ed\u00ed <\/strong><strong>uskute\u010dil n\u00e1sleduj\u00edc\u00ed akce:<br \/>\n<\/strong><\/h5>\n<p><strong>26. 11. 2019<\/strong><\/p>\n<h3>Potraviny &#8211; m\u00fdty a skute\u010dnost<\/h3>\n<p><strong>Semin\u00e1\u0159 se uskute\u010dnil <\/strong><strong>v \u00fater\u00fd 26. 11. 2019<\/strong><strong> od 10:00 hod<\/strong>.<br \/>\nve velk\u00e9 posluch\u00e1rn\u011b budovy \u010d. 11 St\u00e1tn\u00ed zdravotn\u00ed \u00fastav, \u0160rob\u00e1rova 48, Praha 10<\/p>\n<p>Bezpe\u010dnost potravin je st\u00e1le \u010dast\u011bj\u0161\u00ed ot\u00e1zka v mnoha oborech, dovolujeme<br \/>\nsi V\u00e1s proto pozvat na semin\u00e1\u0159 POTRAVINY &#8211; M\u00ddTY A SKUTE\u010cNOST, kter\u00fd n\u00e1\u0161 spolek po\u0159\u00e1dal ve spolupr\u00e1ci se St\u00e1tn\u00edm zdravotn\u00ed \u00fastavem a Akademi\u00ed v\u011bd \u010cR. Garantem semin\u00e1\u0159e je MUDr. Magdalena Z\u00edmov\u00e1 CSc., d\u00edky vz\u00e1jemn\u00e9 spolupr\u00e1ci m\u00e1 semin\u00e1\u0159 symbolick\u00e9 vlo\u017en\u00e9 200,- K\u010d., d\u016fchodci a studenti zdarma.<\/p>\n<p>Odkaz na prezentace:<\/p>\n<p><a href=\"http:\/\/spolky.csvts.cz\/cspzp\/wp-content\/uploads\/2019\/12\/ing.-Sosnovcov\u00e1-Dost-bylo-plast\u016f.pdf\" target=\"_blank\" rel=\"noopener noreferrer\">http:\/\/spolky.csvts.cz\/cspzp\/wp-content\/uploads\/2019\/12\/ing.-Sosnovcov\u00e1-Dost-bylo-plast\u016f.pdf<\/a><\/p>\n<p class=\"v1v1msonormal\"><a href=\"http:\/\/spolky.csvts.cz\/cspzp\/wp-content\/uploads\/2019\/12\/Strategie-AV-21-J.-Bumba_Jedy-drogy-l%C3%A9%C4%8Diva.pdf\" target=\"_blank\" rel=\"noopener noreferrer\">http:\/\/spolky.csvts.cz\/cspzp\/wp-content\/uploads\/2019\/12\/Strategie-AV-21-J.-Bumba_Jedy-drogy-l\u00e9\u010diva.pdf<\/a><\/p>\n<p class=\"v1v1msonormal\"><a href=\"http:\/\/spolky.csvts.cz\/cspzp\/wp-content\/uploads\/2019\/12\/Potraviny_v-roce-2070.pdf\" target=\"_blank\" rel=\"noopener noreferrer\">http:\/\/spolky.csvts.cz\/cspzp\/wp-content\/uploads\/2019\/12\/Potraviny_v-roce-2070.pdf<\/a><\/p>\n<p class=\"v1v1msonormal\"><a href=\"http:\/\/spolky.csvts.cz\/cspzp\/wp-content\/uploads\/2019\/12\/Nen%C3%AD-%C3%A9%C4%8Dko-jako-%C3%A9%C4%8Dko.pdf\" target=\"_blank\" rel=\"noopener noreferrer\">http:\/\/spolky.csvts.cz\/cspzp\/wp-content\/uploads\/2019\/12\/Nen\u00ed-\u00e9\u010dko-jako-\u00e9\u010dko.pdf<\/a><\/p>\n<p class=\"v1v1msonormal\"><a href=\"http:\/\/spolky.csvts.cz\/cspzp\/wp-content\/uploads\/2019\/12\/Bezpe%C4%8Dnost-potravin.pdf\" target=\"_blank\" rel=\"noopener noreferrer\">http:\/\/spolky.csvts.cz\/cspzp\/wp-content\/uploads\/2019\/12\/Bezpe\u010dnost-potravin.pdf<\/a><\/p>\n<p><strong>23. 4. 2019<\/strong><\/p>\n<p><strong>Nakl\u00e1d\u00e1n\u00ed \u00a0s biologicky rozlo\u017eiteln\u00fd \u00a0odpadem z kuchyn\u00ed a stravoven<\/strong><\/p>\n<p>Spole\u010dn\u00fd semin\u00e1\u0159 St\u00e1tn\u00edho zdravotn\u00edho \u00fastavu \u00a0a \u00a0\u010cesk\u00e9ho spolku \u00a0pro p\u00e9\u010di o \u017eivotn\u00ed prost\u0159ed\u00ed , kter\u00fd <strong>se uskute\u010dnil v \u00fater\u00fd \u00a023. dubna 2019 \u00a0ve St\u00e1tn\u00edm zdravotn\u00edm \u00fastavu \u00a0v Praze v budov\u011b \u010d.11, Velk\u00e1 posluch\u00e1rna od 10 hodin,\u00a0<\/strong> odkaz na pozv\u00e1nku s\u00a0 p\u0159ihl\u00e1\u0161kou : http:\/\/spolky.csvts.cz\/cspzp\/wp-content\/uploads\/2019\/04\/Pozv\u00e1nka-BRO-23.4.2019-3-3-1.docx<\/p>\n<p>Semin\u00e1\u0159 byl zam\u011b\u0159en na vysoce aktu\u00e1ln\u00ed problematiku \u00a0gastroodpadu \u00a0 z pohledu v\u0161ech zainteresovan\u00fdch org\u00e1n\u016f jako je \u00a0M\u017dP. , MZ., \u00a0\u010cI\u017dP., Veterin\u00e1rn\u00ed spr\u00e1va a UKZUZ. Aktu\u00e1ln\u00ed diskuse k postupu a n\u00e1vrh\u016fm odpadov\u00fdch z\u00e1kon\u016f p\u0159i nakl\u00e1d\u00e1n\u00ed s kuchy\u0148sk\u00fdmi odpady jsou sice n\u00e1ro\u010dn\u00e9, ale b\u00fdvaj\u00ed oboustrann\u011b prosp\u011b\u0161n\u00e9. Diskutov\u00e1ny byly\u00a0 i \u00a0(nedo)\u0159e\u0161en\u00e9 probl\u00e9my \u00a0z pohledu \u00fa\u010dastn\u00edk\u016f \u00a0semin\u00e1\u0159e.<\/p>\n<p><strong>\u00a0<\/strong><strong>28.3.2019<\/strong><\/p>\n<p><strong>Kabinet odpad\u016f\u00a0se zam\u011b\u0159en\u00edm: &#8222;Legislativn\u00ed pl\u00e1n v\u00a0oblasti odpad\u016f v\u00a0roce 2019, proces a stav p\u0159\u00edpravy nov\u00fdch\u00a0 pr\u00e1vn\u00edch p\u0159edpis\u016f, praktick\u00fd dopad zm\u011bn\u201c<\/strong><\/p>\n<p>ve spolupr\u00e1ci s\u00a0odborem odpad\u016f Ministerstva \u017eivotn\u00edho prost\u0159ed\u00ed<\/p>\n<p><strong>Term\u00edn a \u010das kon\u00e1n<\/strong>\u00ed: <strong>\u010dtvrtek <\/strong><strong>28. 3. 2019 od<\/strong> <strong>13:00 hod<\/strong>. do cca 16:30 hod.<\/p>\n<p><strong>M\u00edsto kon\u00e1n\u00ed<\/strong>: \u00a0Ministerstva \u017eivotn\u00edho prost\u0159ed\u00ed \u010cR Vr\u0161ovick\u00e1 65, 100 10 Praha 10<strong>\u00a0 <\/strong>zasedac\u00ed m\u00edstnost \u010d. 432<\/p>\n<p>Aktu\u00e1ln\u00ed prezentace byly rozesl\u00e1ny \u00fa\u010dastn\u00edk\u016fm\u00a0 kabinetu.<\/p>\n<p><strong>\u00a018.3.2019 \u00a0\u00a0\u00a0\u00a0\u00a0<\/strong><\/p>\n<p style=\"text-align: left;\"><strong>odborn\u00fd semin\u00e1\u0159:<\/strong><\/p>\n<h3 style=\"text-align: left;\"><strong>Nano\u010d\u00e1stice a \u017eivotn\u00ed prost\u0159ed\u00ed<\/strong><\/h3>\n<p>Term\u00edn a \u010das kon\u00e1n\u00ed: <strong>pond\u011bl\u00ed 18. 3.<\/strong> <strong>2019 od<\/strong> <strong>9:30 hod<\/strong>. do 15:00 hod.<\/p>\n<p>M\u00edsto kon\u00e1n\u00ed: \u00a0S\u00e1l \u010d. 319 \u00a0v\u00a0 budov\u011b \u00a0\u010cSVTS Novotn\u00e9ho l\u00e1vka 5, Praha 1<\/p>\n<p>Odbor\u00fd garant: Ing. Libu\u0161e Deylov\u00e1<\/p>\n<p>Zaj\u00edmav\u00e9 prezentace byly rozesl\u00e1ny \u00fa\u010dastn\u00edk\u016fm semin\u00e1\u0159e.<\/p>\n","protected":false},"excerpt":{"rendered":"<p>\u010cesk\u00fd spolek pro p\u00e9\u010di o \u017eivotn\u00ed prost\u0159ed\u00ed uskute\u010dil n\u00e1sleduj\u00edc\u00ed akce: 26. 11. 2019 Potraviny &#8211; m\u00fdty a skute\u010dnost Semin\u00e1\u0159 se uskute\u010dnil v \u00fater\u00fd 26. 11. 2019 od 10:00 hod. ve velk\u00e9 posluch\u00e1rn\u011b budovy \u010d. 11 St\u00e1tn\u00ed zdravotn\u00ed \u00fastav, \u0160rob\u00e1rova 48, Praha 10 Bezpe\u010dnost potravin je st\u00e1le \u010dast\u011bj\u0161\u00ed ot\u00e1zka v mnoha oborech, dovolujeme si V\u00e1s proto [&hellip;]<\/p>\n","protected":false},"author":3,"featured_media":0,"parent":0,"menu_order":0,"comment_status":"closed","ping_status":"closed","template":"","meta":{"footnotes":""},"class_list":["post-1108","page","type-page","status-publish","hentry"],"_links":{"self":[{"href":"http:\/\/www.spolky-csvts.cz\/spolekzp\/wp-json\/wp\/v2\/pages\/1108","targetHints":{"allow":["GET"]}}],"collection":[{"href":"http:\/\/www.spolky-csvts.cz\/spolekzp\/wp-json\/wp\/v2\/pages"}],"about":[{"href":"http:\/\/www.spolky-csvts.cz\/spolekzp\/wp-json\/wp\/v2\/types\/page"}],"author":[{"embeddable":true,"href":"http:\/\/www.spolky-csvts.cz\/spolekzp\/wp-json\/wp\/v2\/users\/3"}],"replies":[{"embeddable":true,"href":"http:\/\/www.spolky-csvts.cz\/spolekzp\/wp-json\/wp\/v2\/comments?post=1108"}],"version-history":[{"count":15,"href":"http:\/\/www.spolky-csvts.cz\/spolekzp\/wp-json\/wp\/v2\/pages\/1108\/revisions"}],"predecessor-version":[{"id":1183,"href":"http:\/\/www.spolky-csvts.cz\/spolekzp\/wp-json\/wp\/v2\/pages\/1108\/revisions\/1183"}],"wp:attachment":[{"href":"http:\/\/www.spolky-csvts.cz\/spolekzp\/wp-json\/wp\/v2\/media?parent=1108"}],"curies":[{"name":"wp","href":"https:\/\/api.w.org\/{rel}","templated":true}]}}