{"id":189,"date":"2012-08-22T14:57:11","date_gmt":"2012-08-22T12:57:11","guid":{"rendered":"http:\/\/www.csvts.cz\/cspzp\/?page_id=189"},"modified":"2015-12-01T15:15:21","modified_gmt":"2015-12-01T14:15:21","slug":"189-2","status":"publish","type":"page","link":"http:\/\/www.spolky-csvts.cz\/spolekzp\/189-2\/","title":{"rendered":"VALN\u00c9 HROMADY"},"content":{"rendered":"<h2><a href=\"http:\/\/www.csvts.cz\/spolky\/cspzp\/wp-content\/uploads\/2012\/08\/Zpr\u00e1va-za-rok-2010.rtf\">Zpr\u00e1va za rok 2010<\/a><a href=\"http:\/\/www.csvts.cz\/spolky\/cspzp\/wp-content\/uploads\/2012\/08\/Z\u00e1pis.doc\">Z\u00e1pis<\/a><a href=\"http:\/\/www.csvts.cz\/spolky\/cspzp\/wp-content\/uploads\/2012\/08\/Pozv\u00e1nka-vol-VH-2011.rtf\">Pozv\u00e1nka vol VH 2011<\/a><a href=\"http:\/\/www.csvts.cz\/spolky\/cspzp\/wp-content\/uploads\/2012\/08\/VH_11_usn..doc\">_usn.<\/a><\/h2>\n<h3>2015 (volebn\u00ed)<\/h3>\n<h3><a href=\"http:\/\/www.csvts.cz\/spolky\/cspzp\/wp-content\/uploads\/2012\/08\/kandid\u00e1tka.docx\">kandid\u00e1tka,<\/a> <a href=\"http:\/\/www.csvts.cz\/spolky\/cspzp\/wp-content\/uploads\/2012\/08\/Pozv\u00e1nka-volebn\u00ed\u010dlensk\u00e9-sch\u016fze2015.docx\">Pozv\u00e1nka volebn\u00ed \u010dlensk\u00e9 sch\u016fze2015<\/a> <a href=\"http:\/\/www.csvts.cz\/spolky\/cspzp\/wp-content\/uploads\/2012\/08\/Z\u00e1pis-2015.docx\">Z\u00e1pis 2015<\/a> <a href=\"http:\/\/www.csvts.cz\/spolky\/cspzp\/wp-content\/uploads\/2012\/08\/Zpr\u00e1va-revizn\u00ed-komise-\u010cSP\u017dP-za-r-2014.docx\">Zpr\u00e1va revizn\u00ed komise \u010cSP\u017dP za r 2014<\/a><\/h3>\n<h2><\/h2>\n<h2><\/h2>\n<h3>2014<\/h3>\n<h2><strong><a href=\"http:\/\/www.csvts.cz\/spolky\/cspzp\/wp-content\/uploads\/2012\/08\/pozv\u00e1nka.docx\">pozv\u00e1nka<\/a> <\/strong><\/h2>\n<h2><strong><a href=\"http:\/\/www.csvts.cz\/spolky\/cspzp\/wp-content\/uploads\/2012\/08\/Usnesen\u00ed.docx\">Usnesen\u00ed<\/a><br \/>\n<a href=\"http:\/\/www.csvts.cz\/spolky\/cspzp\/wp-content\/uploads\/2012\/08\/Z\u00e1pis.docx\">Z\u00e1pis<\/a><br \/>\n<a href=\"http:\/\/www.csvts.cz\/spolky\/cspzp\/wp-content\/uploads\/2012\/08\/Z\u00e1pis_RK.docx\">Z\u00e1pis_RK<\/a>\u00a0 <\/strong><\/h2>\n<p>&nbsp;<\/p>\n<h2><strong>\u00a0<\/strong><\/h2>\n<h3>2013 (volebn\u00ed)<\/h3>\n<p><a href=\"http:\/\/www.csvts.cz\/cspzp\/wp-content\/uploads\/2012\/08\/Z\u00e1pis-z-VH-\u010cSPP\u017dP_27-6-2013-2.pdf\">Z\u00e1pis z VH \u010cSPP\u017dP_27 6 2013<\/a><\/p>\n<p><a href=\"http:\/\/www.csvts.cz\/cspzp\/wp-content\/uploads\/2012\/08\/VH_13_usnes.pdf\">Usnesen\u00ed<\/a><\/p>\n<p><a href=\"http:\/\/www.csvts.cz\/cspzp\/wp-content\/uploads\/2012\/08\/V\u00fdbor-zvolen\u00fd-VH-2013.pdf\">V\u00fdbor zvolen\u00fd VH 2013<\/a><\/p>\n<p><a href=\"http:\/\/www.csvts.cz\/cspzp\/wp-content\/uploads\/2012\/08\/FP-1012-tit.str_..pdf\">Finan\u010dn\u00ed p\u0159ehled<\/a><\/p>\n<p><a href=\"http:\/\/www.csvts.cz\/cspzp\/wp-content\/uploads\/2012\/08\/Informace-o-\u010dinnosti-2012.pdf\">Informace o \u010dinnosti 2012<\/a><\/p>\n<h2><strong>2012<\/strong><\/h2>\n<h3 align=\"CENTER\"><strong>Usnesen\u00ed<\/strong><\/h3>\n<h3 align=\"CENTER\"><strong>valn\u00e9 hromady \u010cesk\u00e9ho spolku pro p\u00e9\u010di o \u017eivotn\u00ed prost\u0159ed\u00ed<\/strong><\/h3>\n<h3 align=\"CENTER\"><strong>konan\u00e9 dne 21.6.2012 v\u00a0Praze<\/strong><\/h3>\n<h4>Valn\u00e1 hromada schvaluje<\/h4>\n<ol>\n<li>zpr\u00e1vu o \u010dinnosti \u010cSP\u017dP v\u00a0roce 2011<\/li>\n<li>zpr\u00e1vu o hospoda\u0159en\u00ed \u010cSP\u017dP v\u00a0roce 2011 a rozpo\u010det na rok 2012.<\/li>\n<\/ol>\n<h4>Valn\u00e1 hromada bere na v\u011bdom\u00ed<\/h4>\n<ol>\n<li>zpr\u00e1vu revizn\u00ed komise o hospoda\u0159en\u00ed \u010cSP\u017dP v\u00a0roce 2011<\/li>\n<li>r\u00e1mcov\u00fd n\u00e1vrh programu \u010cSP\u017dP na rok 2012<\/li>\n<li>informaci v\u00fdboru \u010cSP\u017dP o spolupr\u00e1ci s\u00a0ENEP.<\/li>\n<\/ol>\n<h4>Valn\u00e1 hromada ukl\u00e1d\u00e1 v\u00fdboru \u010cSP\u017dP<\/h4>\n<p>1. aktivn\u011b se \u00fa\u010dastnit diskuse ENEP o mo\u017enostech akreditace environment\u00e1ln\u00edch odborn\u00edk\u016f a na VH ENEP podporovat jednodu\u0161\u0161\u00ed formu neregulovan\u00e9 akreditace.<\/p>\n<p>2. neprodlen\u011b vy\u0159e\u0161it probl\u00e9m odm\u011b\u0148ov\u00e1n\u00ed administrativn\u00edch prac\u00ed sekretari\u00e1tu \u010cSP\u017dP za obdob\u00ed leden \u2013 prosinec 2012.<\/p>\n<p>V\u00a0Praze 21.6.2012 N\u00e1vrhov\u00e1 komise:<\/p>\n<p>MUDr. M. Zimov\u00e1, CSc.<\/p>\n<p>RNDr. V. Mikulov\u00e1<\/p>\n<p>Ing. J. Mikol\u00e1\u0161, CSc.<\/p>\n<p>&nbsp;<\/p>\n<h3 align=\"CENTER\"><strong>Z\u00c1PIS<\/strong><\/h3>\n<p align=\"CENTER\"><strong>z valn\u00e9 hromady \u010cesk\u00e9ho spolku pro p\u00e9\u010di o \u017eivotn\u00ed prost\u0159ed\u00ed,<\/strong><\/p>\n<p align=\"CENTER\"><strong>konan\u00e9 dne 21.\u010dervna 2012 od 13,30 hod. v Praze 1, <\/strong><strong>Novotn\u00e9ho<\/strong><strong> l\u00e1vka \u010d.5.<\/strong><\/p>\n<p align=\"CENTER\"><strong>_________________________________________________________________<\/strong><\/p>\n<p align=\"LEFT\">P\u0159\u00edtomni: Dle prezen\u010dn\u00ed listiny<\/p>\n<p align=\"LEFT\">P\u0159ed zah\u00e1jen\u00edm jedn\u00e1n\u00ed p\u0159ednesl Mikol\u00e1\u0161 p\u0159\u00edsp\u011bvek o akreditaci environment\u00e1ln\u00edch odborn\u00edk\u016f &#8211; ENEP. Doporu\u010dil p\u0159ihl\u00e1sit se k jednodu\u0161\u0161\u00ed variant\u011b akreditace.<\/p>\n<p align=\"LEFT\">Do n\u00e1vrhov\u00e9 komise VH byli zvoleni Mikulov\u00e1, Zimov\u00e1 a Mikol\u00e1\u0161.<\/p>\n<p align=\"LEFT\">Zapisovatelem byl zvolen Bezd\u011bk.<\/p>\n<p align=\"LEFT\">P\u0159edseda Jarol\u00edm se telefonicky omluvil vzhledem k neodkladn\u00e9mu pracovn\u00edmu jedn\u00e1n\u00ed.<\/p>\n<p align=\"LEFT\">Jedn\u00e1n\u00ed VH tedy zah\u00e1jila a \u0159\u00eddila m\u00edstop\u0159edsedkyn\u011b Deylov\u00e1.<\/p>\n<p align=\"LEFT\">P\u0159ednesla t\u00e9\u017e zpr\u00e1vu o \u010dinnosti \u010cSP\u017dP v roce 2011 a v\u00fdhled do budoucna.Uspo\u0159\u00e1dan\u00e9 akce byly hodnoceny \u00fa\u010dastn\u00edky semin\u00e1\u0159\u016f pozitivn\u011b a v tomto trendu bude \u010cSP\u017dP pokra\u010dovat i v dal\u0161\u00edm obdob\u00ed.<\/p>\n<p align=\"LEFT\">Finan\u010dn\u00ed zpr\u00e1vu za rok 2011 a v\u00fdhled do roku 2012 p\u0159ednesla Deylov\u00e1. Uplynul\u00fd rok vykazuje p\u0159\u00edzniv\u00e9 ekonomick\u00e9 v\u00fdsledky, tento trend bude nutno udr\u017eet i v leto\u0161n\u00edm roce.<\/p>\n<p align=\"LEFT\">Zpr\u00e1vu revizn\u00ed komise p\u0159ednesl Bezd\u011bk. RK konstatuje, \u017ee s finan\u010dn\u00edmi prost\u0159edky Spolku bylo nakl\u00e1d\u00e1no zodpov\u011bdn\u011b a hospod\u00e1rn\u011b.<\/p>\n<p align=\"LEFT\">Diskuze se zam\u011b\u0159ila na posouzen\u00ed jednotliv\u00fdch akc\u00ed v roce 2011 a na p\u0159\u00edpravu v\u0161ech akc\u00ed<\/p>\n<p align=\"LEFT\">v leto\u0161n\u00edm a p\u0159\u00ed\u0161t\u00edm roce. Mimo semin\u00e1\u0159\u016f maj\u00ed velmi dobrou \u00farove\u0148 kabinety odpad\u016f, kde se projedn\u00e1vaj\u00ed nejd\u016fle\u017eit\u011bj\u0161\u00ed ot\u00e1zky odpadov\u00e9ho hospod\u00e1\u0159stv\u00ed.<\/p>\n<p align=\"LEFT\">Na z\u00e1v\u011br valn\u00e9 hromady p\u0159ednesl Mikol\u00e1\u0161 usnesen\u00ed, kter\u00e9 bylo v\u0161emi \u00fa\u010dastn\u00edky schv\u00e1leno.<\/p>\n<p align=\"LEFT\">Usnesen\u00ed tvo\u0159\u00ed p\u0159\u00edlohu tohoto z\u00e1pisu.<\/p>\n<p align=\"LEFT\">Zapsal Bezd\u011bk, 21.6.2012.<\/p>\n<h3 align=\"CENTER\"><strong>Usnesen\u00ed<\/strong><\/h3>\n<h3 align=\"CENTER\"><strong>valn\u00e9 hromady \u010cesk\u00e9ho spolku pro p\u00e9\u010di o \u017eivotn\u00ed prost\u0159ed\u00ed<\/strong><\/h3>\n<h3 align=\"CENTER\"><strong>konan\u00e9 dne 21.6.2012 v\u00a0Praze<\/strong><\/h3>\n<h3>Valn\u00e1 hromada schvaluje<\/h3>\n<ol>\n<li>zpr\u00e1vu o \u010dinnosti \u010cSP\u017dP v\u00a0roce 2011<\/li>\n<li>zpr\u00e1vu o hospoda\u0159en\u00ed \u010cSP\u017dP v\u00a0roce 2011 a rozpo\u010det na rok 2012.<\/li>\n<\/ol>\n<h3>Valn\u00e1 hromada bere na v\u011bdom\u00ed<\/h3>\n<ol>\n<li>zpr\u00e1vu revizn\u00ed komise o hospoda\u0159en\u00ed \u010cSP\u017dP v\u00a0roce 2011<\/li>\n<li>r\u00e1mcov\u00fd n\u00e1vrh programu \u010cSP\u017dP na rok 2012<\/li>\n<li>informaci v\u00fdboru \u010cSP\u017dP o spolupr\u00e1ci s\u00a0ENEP.<\/li>\n<\/ol>\n<h3>Valn\u00e1 hromada ukl\u00e1d\u00e1 v\u00fdboru \u010cSP\u017dP<\/h3>\n<p>1. aktivn\u011b se \u00fa\u010dastnit diskuse ENEP o mo\u017enostech akreditace environment\u00e1ln\u00edch odborn\u00edk\u016f a na VH ENEP podporovat jednodu\u0161\u0161\u00ed formu neregulovan\u00e9 akreditace.<\/p>\n<p>2. neprodlen\u011b vy\u0159e\u0161it probl\u00e9m odm\u011b\u0148ov\u00e1n\u00ed administrativn\u00edch prac\u00ed sekretari\u00e1tu \u010cSP\u017dP za obdob\u00ed leden \u2013 prosinec 2012.<\/p>\n<p>V\u00a0Praze 21.6.2012 N\u00e1vrhov\u00e1 komise:<\/p>\n<p>MUDr. M. Zimov\u00e1, CSc.<\/p>\n<p>RNDr. V. Mikulov\u00e1<\/p>\n<p>Ing. J. Mikol\u00e1\u0161, CSc.<\/p>\n<h3 style=\"text-align: left;\" align=\"CENTER\"><span style=\"font-size: medium;\">1. Zpr\u00e1va o \u010dinnosti \u010cSP\u017dP v roce 2011<\/span><\/h3>\n<p>\u010cesk\u00fd spolek pro p\u00e9\u010di o \u017eivotn\u00ed prost\u0159ed\u00ed \u00fasp\u011b\u0161n\u011b pokra\u010doval i v roce 2011 ve sv\u00e9 hlavn\u00ed \u010dinnosti &#8211; informov\u00e1n\u00ed a vzd\u011bl\u00e1v\u00e1n\u00ed odborn\u00e9 ve\u0159ejnosti v\u010detn\u011b student\u016f..<\/p>\n<p>Uspo\u0159\u00e1dal\u00a0 celkem 10 odborn\u00fdch\u00a0 akc\u00ed &#8211; z toho 7 semin\u00e1\u0159\u016f a 3 tradi\u010dn\u00ed kabinety odpad\u016f\u00a0 P\u0159edn\u00e1\u0161ej\u00edc\u00ed poslucha\u010di (bylo jich celkem 312, z toho 258 plat\u00edc\u00edch) oce|\u0148ovali, tak jako v minulosti, aktu\u00e1lnost a odbornou \u00farove\u0148 v\u0161ech na\u0161ich akc\u00ed.<\/p>\n<p>Tradi\u010dn\u011b se i lo\u0148sk\u00e9ho roku v\u011bnoval z\u00e1va\u017en\u00e9, rozs\u00e1hl\u00e9 problematice odpad\u016f. Byly to jednak 3 semin\u00e1\u0159e, jednak 3 kabinety odpad\u016f.<\/p>\n<p><span style=\"text-decoration: underline;\">Semin\u00e1\u0159e<\/span> byly v\u011bnov\u00e1ny problematice <span style=\"text-decoration: underline;\">nakl\u00e1d\u00e1n\u00ed s odpady ze zdravotnick\u00fdch za\u0159\u00edzen\u00ed.<\/span> Prvn\u00ed\u00a0 z nich (v po\u0159ad\u00ed ji\u017e <span style=\"text-decoration: underline;\">6<\/span>.), odborn\u011b zabezpe\u010den\u00fd RNDr. Danielou \u017d\u00e1dn\u00edkovou KHES Brno) se uskute\u010dnil v Brn\u011b. Pra\u017esk\u00fd <span style=\"text-decoration: underline;\">7<\/span>. semin\u00e1\u0159 tohoto zam\u011b\u0159en\u00ed, tentokr\u00e1te v\u011bnovan\u00fd p\u0159edev\u0161\u00edm odpad\u016fm z \u00fastav\u016f soci\u00e1ln\u00ed p\u00e9\u010de a domov\u016f d\u016fchodc\u016f byl roz\u0161\u00ed\u0159en i o problematiku nakl\u00e1d\u00e1n\u00ed s kuchy\u0148sk\u00fdmi odpady. Pan\u00ed MUDr. Magda Zimov\u00e1 (SZ\u00da Praha) jej odborn\u011b tak dob\u0159e zajistila, \u017ee si odborn\u00e1 ve\u0159ejnost vynutila jeho opakov\u00e1n\u00ed (<span style=\"text-decoration: underline;\">8<\/span>.sem.) na podzim v Olomouci. Po\u017eadavek na dal\u0161\u00ed opakov\u00e1n\u00ed nebyl vysly\u0161en.<\/p>\n<p><span style=\"text-decoration: underline;\">Kabinety odpad\u016f<\/span>, ji\u017e po l\u00e9ta veden\u00e9 pan\u00ed RNDr. Vlastou Mikulovou (\u010cZU) , byly v\u011bnov\u00e1ny &#8211; tak jako v\u017edy &#8211; sou\u010dasn\u00fdm ot\u00e1zk\u00e1m odpadov\u00e9ho hospod\u00e1\u0159stv\u00ed. Velm dob\u0159e byl \u00fa\u010dastn\u00edky p\u0159ijati kabinet, netradi\u010dne v\u011bnovan\u00fd 20. let\u00fdm zku\u0161enostem \u010cI\u017dP. \u00da\u010dastn\u00edci po\u017eadovali uskute\u010dn\u011bn\u00ed obdobn\u00e9 akce, roz\u0161\u00ed\u0159en\u00e9 na zku\u0161enosti v\u0161ech odbor\u016f \u010cI\u017dP.<\/p>\n<p><span style=\"text-decoration: underline;\">3 semin\u00e1\u0159e<\/span> (v po\u0159ad\u00ed ji\u017e <span style=\"text-decoration: underline;\">7.,8. a 9.<\/span>) byly\u00a0 v\u011bnov\u00e1ny <span style=\"text-decoration: underline;\">biologick\u00e9 bezpe\u010dnost<\/span>i. Tradi\u010dn\u011b se konaly v r\u00e1mci<span style=\"text-decoration: underline;\"> projektu M\u017dP\/GEF-<\/span> UNEP pod odborn\u00fdm veden\u00edm Ing. Mileny Roudn\u00e9, CSc. (M\u017dP). Odbornou ve\u0159ejnost postupn\u011b informujeme o d\u00edl\u010d\u00edch v\u00fdsledc\u00edch projektu ji\u017e od roku 2005, co\u017e sv\u011bd\u010d\u00ed o \u00fasp\u011b\u0161nosti o ocen\u011bn\u00ed t\u00e9to \u0159ady semin\u00e1\u0159\u016f jak veden\u00edm projektu , tak i odbornou ve\u0159ejnost\u00ed.<\/p>\n<p>Uskute\u010dn\u011bn byl rovn\u011b\u017e inovativn\u00ed <span style=\"text-decoration: underline;\">semin\u00e1\u0159 &#8222;Osv\u011btlov\u00e1n\u00ed<\/span>&#8220; , uspo\u0159\u00e1dan\u00fd ve spolupr\u00e1ci se Stavebn\u00ed fakultu VUT Brno . Byl velice dob\u0159e p\u0159ijat odbornou ve\u0159ejnost\u00ed.<\/p>\n<p>Po\u010det\u00a0 \u00fa\u010dastn\u00edk\u016f odborn\u00fdch akc\u00ed je &#8211; vzdor jejich vysok\u00e9 odborn\u00e9 \u00farovni &#8211; bohu\u017eel nep\u0159\u00edzniv\u011b ovlivn\u011bn sou\u010dasn\u00fdmi podm\u00ednkami . Je to p\u0159edev\u0161\u00edm upadaj\u00edc\u00ed z\u00e1jem odborn\u00e9 ve\u0159ejnosti o \u00fa\u010dast na odborn\u00fdch akc\u00edch, o vz\u00e1jemn\u00e9 setk\u00e1v\u00e1n\u00ed a v\u00fdm\u011bnu zku\u0161enost\u00ed (nejen oficieln\u00ed, ale i v kulo\u00e1rech) z velk\u00e9 \u010d\u00e1sti zp\u016fsoben\u00fd vzr\u016fstaj\u00edc\u00ed mo\u017enost\u00ed vyu\u017e\u00edv\u00e1n\u00ed elektronick\u00fdch medi\u00ed i p\u0159\u00edm\u00e9ho styku se zahrani\u010dn\u00edmi odborn\u00edky. Dal\u0161\u00edm d\u016fvodem je snaha sn\u00ed\u017eit finan\u010dn\u00ed n\u00e1klady mo\u017en\u00fdch \u00fa\u010dastn\u00edk\u016f odborn\u00fdch setk\u00e1n\u00ed.<\/p>\n<p align=\"JUSTIFY\">P\u0159\u00edpravu v\u0161ech akc\u00ed, jejich obsahovou n\u00e1pl\u0148, p\u0159edn\u00e1\u0161ej\u00edc\u00ed odborn\u00edky a konzultace s nimi i s p\u0159\u00edpadn\u00fdmi spolupracuj\u00edc\u00edmi organizacemi zaji\u0161\u0165ovali dborn\u00ed garanti akc\u00ed, s p\u0159isp\u011bn\u00edm organiza\u010dn\u00edch garant\u016f.<\/p>\n<p><span style=\"text-decoration: underline;\">Koncep\u010dn\u00ed \u010dinnost<\/span>, vych\u00e1zej\u00edc\u00ed z n\u00e1vrh\u016f jednotliv\u00fdch \u010dlen\u016f, p\u0159\u00edpadn\u011b z po\u017eadavk\u016f ve\u0159ejn\u00e9 spr\u00e1vy, \u010di dal\u0161ch organizac\u00ed diskutoval v\u00fdbor i RK Spolku, kter\u00fd\u00a0 rozhodoval o \u0159e\u0161en\u00ed aktu\u00e1ln\u00edch \u00fakol\u016f na sv\u00fdch pravideln\u00fdch sch\u016fz\u00edch ( 1 x m\u011bs\u00ed\u010dn\u011b ). Podle pot\u0159eby se mimo\u0159\u00e1dn\u011b sch\u00e1zel a pracoval na nich i u\u017e\u0161\u00ed t\u00fdm. V mezidob\u00ed se d\u00edl\u010d\u00ed porady se uskute\u010d\u0148ovaly operativn\u011b e-po\u0161tou \u010di telefonicky. \u010clenov\u00e9 revizn\u00ed komise se rovn\u011b\u017e pravideln\u011b aktivn\u011b \u00fa\u010dastnili sch\u016fz\u00ed v\u00fdboru.<\/p>\n<p align=\"JUSTIFY\">Rovn\u011b\u017e je t\u0159eba se zm\u00ednit o pokra\u010duj\u00edc\u00edm <span style=\"text-decoration: underline;\">\u010dlenstv\u00ed \u010cSP\u017dP<\/span> v Evropsk\u00e9 federaci spole\u010dnost\u00ed, sdru\u017euj\u00edc\u00edch odborn\u00edky <span style=\"text-decoration: underline;\">v<\/span> \u017eivotn\u00edm prost\u0159ed\u00ed &#8211; <span style=\"text-decoration: underline;\">EFAEP\/ENEP.<\/span> O jeho v\u00fdznamu jsme ji\u017e v\u00edcekr\u00e1te zmi\u0148ovali. V pr\u016fb\u011bhu roku 2011 se deleg\u00e1tka v\u00fdboru na valn\u00fdch hrom\u00e1\u017ed\u011bn\u00ed ENEP (konan\u00fdch 2x rp\u010dn\u011b) z\u00fa\u010dastn\u00edl 2 zaj\u00edmav\u00fdch semin\u00e1\u0159\u016f Jeden se zab\u00fdval problematikou t.zv. &#8222;uhl\u00edkat\u00e9 stopy&#8220; lidsk\u00e9 \u010dinnosti &#8211; jednak r\u016fzn\u00fdmi zp\u016fsoby zji\u0161t\u00b4ov\u00e1n\u00ed &#8222;udr\u017eitelnosti&#8220;v\u00fdrobk\u016f., jednak p\u0159\u00edstupem 3 r\u016fzn\u00fdch firem ke sni\u017eov\u00e1n\u00ed nep\u0159\u00edzniv\u00fdch dopad\u016f sv\u00fdch v\u00fdrobk\u016f na \u017eivotn\u00ed prost\u0159ed\u00ed a odpov\u00eddaj\u00edc\u00ed sn\u00ed\u017een\u00ed materi\u00e1lov\u00fdch i finan\u010dn\u00edch n\u00e1klad\u016f a t\u00edm i ke zv\u00fd\u0161en\u00ed jejich konkurenceschopnosti. Druh\u00fd semin\u00e1\u0159 byl zam\u011b\u0159en na zaji\u0161t\u011bn\u00ed odolnosti m\u011bst, v\u016f\u010di klimatick\u00fdm zm\u011bn\u00e1m i p\u0159\u00edrodn\u00edm katastrof\u00e1m. Krom\u011b bezplatn\u00e9 \u00fa\u010dasti na semin\u00e1\u0159\u00edch byla umo\u017en\u011bna i n\u00e1v\u0161t\u011bva nizozemsk\u00e9 v\u00fdstavy technologi\u00ed pro \u017eivotn\u00ed prost\u0159ed\u00ed V r\u00e1mci ENEP pracuje \u0159ada odborn\u00fdch skupin &#8211; \u010cSP\u017dP v\u0161ak stejn\u011b, jako n\u011bkter\u00e9 dal\u0161\u00ed \u010dlensk\u00e9 organizace, se z finan\u010dn\u00edch d\u016fvod\u016f bohu\u017eel nem\u016f\u017ee jejich zaj\u00edmav\u00e9 \u010dinnosti \u00fa\u010dastnit.<\/p>\n<p>V\u00fdznamnou akc\u00ed byla v roce 2011 i <span style=\"text-decoration: underline;\">kv\u011btnov\u00e1 volebn\u00ed valn\u00e1 hromada.<br \/>\n<\/span>Byl zvolen nov\u00fd v\u00fdbor Spolku akontroln\u00ed komise.<br \/>\nSkute\u010dnost, \u017ee v\u011bt\u0161ina \u010dlen\u016f v\u00fdboru i revizn\u00ed komise byla zvolena ji\u017e po v\u00edcekr\u00e1t\u00e9 sv\u011bd\u010d\u00ed o uzn\u00e1n\u00ed jejich dobr\u00e9 pr\u00e1ce \u010dlenstvem.<\/p>\n<p align=\"JUSTIFY\"><span style=\"text-decoration: underline;\">Kontrola usnesen\u00ed volebn\u00ed valn<\/span><span style=\"text-decoration: underline;\">\u00e9 hromady:<br \/>\n<\/span>&#8211;\u00a0 rozhodnout\u00a0 o rozd\u011blen\u00ed funkc\u00ed ve v\u00fdboru a RK do 10.6.2011. SPLN\u011aNO\u00a0 \u00a0 \u00a0 \u00a0 \u00a0 \u00a0 \u00a0 \u00a0 \u00a0\u00a0 \u00a0 \u00a0 \u00a0 \u00a0 \u00a0 \u00a0 \u00a0 \u00a0 \u00a0 \u00a0 \u00a0 \u00a0 \u00a0 \u00a0 \u00a0 \u00a0 \u00a0 \u00a0 \u00a0 \u00a0 \u00a0 \u00a0 \u00a0 \u00a0 \u00a0 \u00a0 \u00a0 \u00a0 \u00a0 \u00a0 \u00a0 \u00a0 \u00a0 \u00a0 \u00a0 \u00a0 \u00a0 \u00a0\u00a0 \u00a0 \u00a0 \u00a0 \u00a0 \u00a0 \u00a0 \u00a0 \u00a0 \u00a0 \u00a0 \u00a0 \u00a0\u00a0\u00a0\u00a0\u00a0\u00a0\u00a0\u00a0 \u00a0 \u00a0\u00a0\u00a0\u00a0\u00a0\u00a0 \u00a0 \u00a0\u00a0\u00a0 &#8211; zab\u00fdvat se doporu\u010den\u00edmi revizn\u00ed komise ke zlep\u0161en\u00ed ekonomick\u00e9 situace \u010cSP\u017dP, p\u0159edev\u0161\u00edm mo\u017enost\u00ed zv\u00fd\u0161en\u00ed \u010dlensk\u00fdch p\u0159\u00edsp\u011bvk\u016f<br \/>\nskupinov\u00fdch \u010dlen\u016f 0a p\u0159\u00edpadn\u011b i vlo\u017en\u00e9ho na odborn\u00fdch akc\u00edch\u00a0 \u010cSP\u017dP. Vzhledem k sou\u010dasn\u00e9 ekonomick\u00e9 situaci v \u010cR\u00a0\u00a0\u00a0 NESPLN\u011aNO\u00a0\u00a0\u00a0\u00a0\u00a0\u00a0\u00a0\u00a0\u00a0\u00a0\u00a0\u00a0\u00a0\u00a0\u00a0\u00a0 &#8211; \u010d\u00e1ste\u010dn\u011b hradit administrativn\u00ed pr\u00e1ce\u00a0 spojen\u00e9 se zaji\u0161\u0165ov\u00e1n\u00edm \u010dinnosti \u010cSP\u017dP v r. 2011 ve stejn\u00e9m rozsahu a form\u011b jako v r. 2010\u00a0 \u00a0\u00a0\u00a0\u00a0 \u00a0 \u00a0 \u00a0 \u00a0 \u00a0 \u00a0 \u00a0 \u00a0 \u00a0 (5.000 K\u010d\/m\u011bs. po dobu 10 m\u011bs. v kalend\u00e1\u0159n\u00edmroce). SPLN\u011aNO<br \/>\n-hledat\u00a0 cesty k\u00a0 podpo\u0159e \u010dinnosti \u010cSP\u017dP jak prost\u0159ednictv\u00edm dota\u010dn\u00edch fond\u016f st\u00e1tn\u00ed spr\u00e1vy, tak i spluprac\u00ed se soukrom\u00fdm sektorem<br \/>\ni nab\u00eddkou mo\u017enosti p\u0159edstaven\u00ed firem i jejich produkt\u016f na akc\u00edch po\u0159\u00e1dan\u00fdch Spolkem .\u010c\u00e1ste\u010dn\u011b SPLN\u011aNO<\/p>\n<p>\u010clenov\u00e9 v\u00fdboru i revizn\u00ed komise pracovali, tak jako v p\u0159edchoz\u00edch letech, i v roce 2011 intenzivn\u011b a ob\u011btav\u011b- \u010d\u00edm\u017e se zaslou\u017eili o dobr\u00e9 jm\u00e9no \u010cesk\u00e9ho spolku pro p\u00e9\u010di o \u017eivotn\u00ed prost\u0159ed\u00ed. Je to t\u00edm v\u00fdznamn\u011bj\u0161\u00ed, \u017ee \u010dlenov\u00e9 v\u00fdboru i revizn\u00ed komise (s vyj\u00edmkou Deylov\u00e9) kloub\u00ed svou \u010dinnost v r\u00e1mci \u010cSP\u017dP se sv\u00fdm pravideln\u00fdm, n\u00e1ro\u010dn\u00fdm zam\u011bstn\u00e1n\u00edm i s \u0159adou dal\u0161\u00edch v\u00fdznamn\u00fdch\u010dinnost\u00ed, povinnost\u00ed i z\u00e1jm\u016f.<\/p>\n<p><strong>Zpr\u00e1va revizn\u00ed komise o kontrole hospoda\u0159en\u00ed v r. 2011:<\/strong><\/p>\n<p>Datum kon\u00e1n\u00ed revize: 14. kv\u011btna 2012<br \/>\nM\u00edsto: m\u00edstnost Spolku, Novotn\u00e9ho l\u00e1vka 5, Praha 1<br \/>\n\u00da\u010dast:<br \/>\nV\u0161ichni \u010dlenov\u00e9 revizn\u00ed komise &#8211; d\u00e1le jenRK &#8211; (Ing. J. Kone\u010dn\u00fd telefonicky) a za v\u00fdbor Ing. L. Deylov\u00e1<br \/>\nRevizn\u00ed komisi (d\u00e1le jen RK) byly p\u0159edlo\u017eeny n\u00e1sleduj\u00edc\u00ed podklady, kter\u00e9 jsou trvale k dispozici v sekretari\u00e1tu:<br \/>\n&#8211; Da\u0148ov\u00e1 evidence za rok 2011<br \/>\n&#8211; Evidence v\u00fddajov\u00fdch polo\u017eek<br \/>\n&#8211; Finan\u010dn\u00ed p\u0159ehled hospoda\u0159en\u00ed<\/p>\n<p>Byly ov\u011b\u0159eny sou\u010dty jednotliv\u00fdch v\u00fddaj\u016f v\u00a0da\u0148ov\u00e9 evidenci a p\u0159ehledu v\u00fddaj\u016f. RK rovn\u011b\u017e nam\u00e1tkov\u011b prov\u011b\u0159ila \u00a0\u0159\u00e1dn\u00e9 veden\u00ed evidence polo\u017eek.<\/p>\n<p>Aktiva\u00a0 1.1.2011:\u00a0\u00a0\u00a0\u00a0\u00a0\u00a0\u00a0\u00a0\u00a0\u00a0\u00a0\u00a0\u00a0\u00a0\u00a0\u00a0\u00a0\u00a0 138 068,00 K\u010d<br \/>\nP\u0159\u00edjmy v\u00a0r.2011 :\u00a0\u00a0\u00a0\u00a0\u00a0\u00a0\u00a0\u00a0\u00a0\u00a0\u00a0\u00a0\u00a0\u00a0\u00a0\u00a0\u00a0\u00a0\u00a0 622 908,50 K\u010d<br \/>\nV\u00fddaje v\u00a0r.2011 :\u00a0\u00a0\u00a0 \u00a0 \u00a0 \u00a0 \u00a0 \u00a0 \u00a0 \u00a0\u00a0 467 396,00 K\u010d<br \/>\nPasiva (v\u00fdp\u016fj\u010dka):\u00a0\u00a0\u00a0\u00a0\u00a0\u00a0\u00a0\u00a0\u00a0\u00a0\u00a0\u00a0\u00a0\u00a0\u00a0\u00a0\u00a0\u00a0 20 000,00 K\u010d<br \/>\nAktiva celkem 31.1.2011:\u00a0 313\u00a0 580,50 K\u010d<\/p>\n<p>&nbsp;<\/p>\n<p><strong>RK neshledala v hospoda\u0159en\u00ed \u010cSP\u017dP (d\u00e1le jen Spolek) nesrovnalosti ani \u00fa\u010detn\u00ed neshody. Doklady o p\u0159\u00edjmech a vyd\u00e1n\u00edch jsou systematicky vedeny a uspo\u0159\u00e1d\u00e1ny.<br \/>\nRK oce\u0148uje rozhodnut\u00ed v\u00fdboru uzav\u0159\u00edt dohodu o splacen\u00ed dluhu Spolku Ing.J.Jarol\u00edmovi s\u00a0p\u0159edpokl\u00e1dan\u00fdm ukon\u010den\u00edm k\u00a031.3.2013.<br \/>\nRK konstatuje, \u017ee s\u00a0finan\u010dn\u00edmi prost\u0159edky Spolku bylo nakl\u00e1d\u00e1no zodpov\u011bdn\u011b a hospod\u00e1rn\u011b.<br \/>\nRK doporu\u010duje valn\u00e9 hromad\u011b Spolku konan\u00e9 dne 21.6.2012 schv\u00e1lit zpr\u00e1vu o hospoda\u0159en\u00ed Spolku za r.2011.<\/strong><\/p>\n<p>Podpisy \u010dlen\u016f RK v.r.<\/p>\n<p>&nbsp;<\/p>\n<p>2011 (volebn\u00ed)<\/p>\n<p>&nbsp;<\/p>\n","protected":false},"excerpt":{"rendered":"<p>Zpr\u00e1va za rok 2010Z\u00e1pisPozv\u00e1nka vol VH 2011_usn. 2015 (volebn\u00ed) kandid\u00e1tka, Pozv\u00e1nka volebn\u00ed \u010dlensk\u00e9 sch\u016fze2015 Z\u00e1pis 2015 Zpr\u00e1va revizn\u00ed komise \u010cSP\u017dP za r 2014 2014 pozv\u00e1nka Usnesen\u00ed Z\u00e1pis Z\u00e1pis_RK\u00a0 &nbsp; \u00a0 2013 (volebn\u00ed) Z\u00e1pis z VH \u010cSPP\u017dP_27 6 2013 Usnesen\u00ed V\u00fdbor zvolen\u00fd VH 2013 Finan\u010dn\u00ed p\u0159ehled Informace o \u010dinnosti 2012 2012 Usnesen\u00ed valn\u00e9 hromady \u010cesk\u00e9ho spolku [&hellip;]<\/p>\n","protected":false},"author":3,"featured_media":0,"parent":0,"menu_order":3,"comment_status":"closed","ping_status":"open","template":"","meta":{"footnotes":""},"class_list":["post-189","page","type-page","status-publish","hentry"],"_links":{"self":[{"href":"http:\/\/www.spolky-csvts.cz\/spolekzp\/wp-json\/wp\/v2\/pages\/189","targetHints":{"allow":["GET"]}}],"collection":[{"href":"http:\/\/www.spolky-csvts.cz\/spolekzp\/wp-json\/wp\/v2\/pages"}],"about":[{"href":"http:\/\/www.spolky-csvts.cz\/spolekzp\/wp-json\/wp\/v2\/types\/page"}],"author":[{"embeddable":true,"href":"http:\/\/www.spolky-csvts.cz\/spolekzp\/wp-json\/wp\/v2\/users\/3"}],"replies":[{"embeddable":true,"href":"http:\/\/www.spolky-csvts.cz\/spolekzp\/wp-json\/wp\/v2\/comments?post=189"}],"version-history":[{"count":52,"href":"http:\/\/www.spolky-csvts.cz\/spolekzp\/wp-json\/wp\/v2\/pages\/189\/revisions"}],"predecessor-version":[{"id":199,"href":"http:\/\/www.spolky-csvts.cz\/spolekzp\/wp-json\/wp\/v2\/pages\/189\/revisions\/199"}],"wp:attachment":[{"href":"http:\/\/www.spolky-csvts.cz\/spolekzp\/wp-json\/wp\/v2\/media?parent=189"}],"curies":[{"name":"wp","href":"https:\/\/api.w.org\/{rel}","templated":true}]}}